{"id":5883,"date":"2025-04-25T06:43:20","date_gmt":"2025-04-25T04:43:20","guid":{"rendered":"https:\/\/eleonorelanglois.com\/?page_id=5883"},"modified":"2025-04-25T06:52:33","modified_gmt":"2025-04-25T04:52:33","slug":"politique-de-retour-remboursement","status":"publish","type":"page","link":"https:\/\/eleonorelanglois.com\/index.php\/politique-de-retour-remboursement\/","title":{"rendered":"Politique de retour \/ remboursement"},"content":{"rendered":"\t\t<div data-elementor-type=\"wp-page\" data-elementor-id=\"5883\" class=\"elementor elementor-5883\" data-elementor-post-type=\"page\">\n\t\t\t\t<div class=\"elementor-element elementor-element-7b8224d e-flex e-con-boxed e-con e-parent\" data-id=\"7b8224d\" data-element_type=\"container\" data-e-type=\"container\" data-settings=\"{&quot;background_background&quot;:&quot;classic&quot;}\">\n\t\t\t\t\t<div class=\"e-con-inner\">\n\t\t\t\t<div class=\"elementor-element elementor-element-8907b77 elementor-widget elementor-widget-heading\" data-id=\"8907b77\" data-element_type=\"widget\" data-e-type=\"widget\" data-widget_type=\"heading.default\">\n\t\t\t\t<div class=\"elementor-widget-container\">\n\t\t\t\t\t<h2 class=\"elementor-heading-title elementor-size-default\">Politique de retour \/ remboursement <\/h2>\t\t\t\t<\/div>\n\t\t\t\t<\/div>\n\t\t\t\t<div class=\"elementor-element elementor-element-5a59b1e elementor-widget elementor-widget-text-editor\" data-id=\"5a59b1e\" data-element_type=\"widget\" data-e-type=\"widget\" data-widget_type=\"text-editor.default\">\n\t\t\t\t<div class=\"elementor-widget-container\">\n\t\t\t\t\t\t\t\t\t<h2 data-start=\"185\" data-end=\"203\">Vue d&rsquo;ensemble<\/h2><p class=\"\" data-start=\"205\" data-end=\"416\">Notre politique de retour et de remboursement est valable pendant 30 jours. Si 30 jours se sont \u00e9coul\u00e9s depuis votre achat, nous ne pouvons malheureusement pas vous offrir un remboursement complet ou un \u00e9change.<\/p><p class=\"\" data-start=\"418\" data-end=\"584\">Pour pouvoir b\u00e9n\u00e9ficier d\u2019un retour, votre article doit \u00eatre inutilis\u00e9 et dans le m\u00eame \u00e9tat que vous l\u2019avez re\u00e7u. Il doit \u00e9galement \u00eatre dans son emballage d\u2019origine.<\/p><p class=\"\" data-start=\"586\" data-end=\"894\">Plusieurs types de produits ne peuvent pas \u00eatre retourn\u00e9s. Les produits p\u00e9rissables tels que les aliments, les fleurs, les journaux ou les magazines ne peuvent pas \u00eatre retourn\u00e9s. Nous n\u2019acceptons pas non plus les produits intimes ou sanitaires, les mati\u00e8res dangereuses, ni les liquides ou gaz inflammables.<\/p><h3 class=\"\" data-start=\"896\" data-end=\"934\">Autres articles non retournables :<\/h3><ul data-start=\"935\" data-end=\"1069\"><li class=\"\" data-start=\"935\" data-end=\"953\"><p class=\"\" data-start=\"937\" data-end=\"953\">Cartes cadeaux<\/p><\/li><li class=\"\" data-start=\"954\" data-end=\"1017\"><p class=\"\" data-start=\"956\" data-end=\"1017\">Produits t\u00e9l\u00e9chargeables (photos num\u00e9riques, presets, etc.)<\/p><\/li><li class=\"\" data-start=\"1018\" data-end=\"1069\"><p class=\"\" data-start=\"1020\" data-end=\"1069\">Certains articles de sant\u00e9 et de soins personnels<\/p><\/li><\/ul><p class=\"\" data-start=\"1071\" data-end=\"1144\">Pour compl\u00e9ter votre retour, nous exigeons un re\u00e7u ou une preuve d\u2019achat.<\/p><p class=\"\" data-start=\"1146\" data-end=\"1196\">Veuillez ne pas renvoyer votre achat au fabricant.<\/p><h3 class=\"\" data-start=\"1198\" data-end=\"1244\">Remboursements partiels (le cas \u00e9ch\u00e9ant) :<\/h3><ul data-start=\"1245\" data-end=\"1567\"><li class=\"\" data-start=\"1245\" data-end=\"1293\"><p class=\"\" data-start=\"1247\" data-end=\"1293\">Livre avec des signes \u00e9vidents d\u2019utilisation<\/p><\/li><li class=\"\" data-start=\"1294\" data-end=\"1380\"><p class=\"\" data-start=\"1296\" data-end=\"1380\">CD, DVD, cassette VHS, logiciel, jeu vid\u00e9o, cassette audio ou disque vinyle ouvert<\/p><\/li><li class=\"\" data-start=\"1381\" data-end=\"1507\"><p class=\"\" data-start=\"1383\" data-end=\"1507\">Tout article non dans son \u00e9tat d\u2019origine, endommag\u00e9 ou avec des pi\u00e8ces manquantes pour des raisons non dues \u00e0 notre erreur<\/p><\/li><li class=\"\" data-start=\"1508\" data-end=\"1567\"><p class=\"\" data-start=\"1510\" data-end=\"1567\">Tout article retourn\u00e9 plus de 30 jours apr\u00e8s la livraison<\/p><\/li><\/ul><hr class=\"\" data-start=\"1569\" data-end=\"1572\" \/><h3 class=\"\" data-start=\"1574\" data-end=\"1595\">\ud83d\udcb8 Remboursements<\/h3><p class=\"\" data-start=\"1597\" data-end=\"1815\">Une fois votre retour re\u00e7u et inspect\u00e9, nous vous enverrons un e-mail pour vous notifier que nous avons bien re\u00e7u l\u2019article retourn\u00e9. Nous vous informerons \u00e9galement de l\u2019approbation ou du refus de votre remboursement.<\/p><p class=\"\" data-start=\"1817\" data-end=\"2008\">Si votre remboursement est approuv\u00e9, il sera alors trait\u00e9, et un cr\u00e9dit sera automatiquement appliqu\u00e9 \u00e0 votre carte de cr\u00e9dit ou m\u00e9thode de paiement initiale, dans un d\u00e9lai de quelques jours.<\/p><hr class=\"\" data-start=\"2010\" data-end=\"2013\" \/><h3 class=\"\" data-start=\"2015\" data-end=\"2056\">\u23f3 Retards ou remboursements manquants<\/h3><p class=\"\" data-start=\"2058\" data-end=\"2168\">Si vous n\u2019avez pas encore re\u00e7u votre remboursement, veuillez d\u2019abord v\u00e9rifier \u00e0 nouveau votre compte bancaire.<\/p><p class=\"\" data-start=\"2170\" data-end=\"2309\">Puis, contactez votre compagnie de carte de cr\u00e9dit, car il peut y avoir un d\u00e9lai avant que le remboursement ne soit officiellement visible.<\/p><p class=\"\" data-start=\"2311\" data-end=\"2424\">Ensuite, contactez votre banque. Il y a souvent un d\u00e9lai de traitement avant qu\u2019un remboursement ne soit affich\u00e9.<\/p><p class=\"\" data-start=\"2426\" data-end=\"2588\">Si apr\u00e8s toutes ces \u00e9tapes vous n\u2019avez toujours pas re\u00e7u votre remboursement, veuillez nous contacter \u00e0 l\u2019adresse suivante : <strong data-start=\"2551\" data-end=\"2587\"><a class=\"cursor-pointer\" rel=\"noopener\" data-start=\"2553\" data-end=\"2585\">eleonorelanglois.photo@gmail.com<\/a><\/strong>.<\/p><hr class=\"\" data-start=\"2590\" data-end=\"2593\" \/><h3 class=\"\" data-start=\"2595\" data-end=\"2618\">\ud83c\udff7\ufe0f Articles sold\u00e9s<\/h3><p class=\"\" data-start=\"2620\" data-end=\"2726\">Seuls les articles \u00e0 prix r\u00e9gulier peuvent \u00eatre rembours\u00e9s. Les articles sold\u00e9s ne sont pas remboursables.<\/p><hr class=\"\" data-start=\"2728\" data-end=\"2731\" \/><h3 class=\"\" data-start=\"2733\" data-end=\"2748\">\ud83d\udd01 \u00c9changes<\/h3><p class=\"\" data-start=\"2750\" data-end=\"2943\">Nous ne rempla\u00e7ons les articles que s\u2019ils sont d\u00e9fectueux ou endommag\u00e9s. Si vous avez besoin de l\u2019\u00e9changer contre le m\u00eame article, envoyez-nous un e-mail \u00e0 <strong data-start=\"2906\" data-end=\"2942\"><a class=\"cursor-pointer\" rel=\"noopener\" data-start=\"2908\" data-end=\"2940\">eleonorelanglois.photo@gmail.com<\/a><\/strong>.<\/p><hr class=\"\" data-start=\"2945\" data-end=\"2948\" \/><h3 class=\"\" data-start=\"2950\" data-end=\"2964\">\ud83c\udf81 Cadeaux<\/h3><p class=\"\" data-start=\"2966\" data-end=\"3195\">Si l\u2019article a \u00e9t\u00e9 marqu\u00e9 comme cadeau lors de l\u2019achat et vous a \u00e9t\u00e9 exp\u00e9di\u00e9 directement, vous recevrez un avoir \u00e9quivalent \u00e0 la valeur de votre retour. Une fois l\u2019article retourn\u00e9 re\u00e7u, un bon cadeau vous sera envoy\u00e9 par e-mail.<\/p><p class=\"\" data-start=\"3197\" data-end=\"3444\">Si l\u2019article n\u2019a pas \u00e9t\u00e9 marqu\u00e9 comme cadeau lors de l\u2019achat, ou si la personne ayant offert le cadeau s\u2019est fait livrer l\u2019article pour vous l\u2019offrir ensuite, nous effectuerons un remboursement aupr\u00e8s d\u2019elle, et elle sera inform\u00e9e de votre retour.<\/p><hr class=\"\" data-start=\"3446\" data-end=\"3449\" \/><h3 class=\"\" data-start=\"3451\" data-end=\"3474\">\ud83d\ude9a Retours exp\u00e9di\u00e9s<\/h3><p class=\"\" data-start=\"3476\" data-end=\"3767\">Les produits physiques doivent \u00eatre retourn\u00e9s uniquement apr\u00e8s avoir contact\u00e9 notre service client par e-mail. Les retours sont \u00e0 la charge du client. Les frais d\u2019exp\u00e9dition ne sont pas remboursables. Si vous recevez un remboursement, les frais de retour seront d\u00e9duits du montant rembours\u00e9.<\/p><p class=\"\" data-start=\"3769\" data-end=\"3859\">Selon votre lieu de r\u00e9sidence, le d\u00e9lai de r\u00e9ception de votre article \u00e9chang\u00e9 peut varier.<\/p><p class=\"\" data-start=\"3861\" data-end=\"4065\">Si vous retournez un article de valeur, il est recommand\u00e9 d\u2019utiliser un service de livraison suivi ou de souscrire une assurance livraison. Nous ne garantissons pas la r\u00e9ception de votre article retourn\u00e9.<\/p><hr class=\"\" data-start=\"4067\" data-end=\"4070\" \/><h3 class=\"\" data-start=\"4072\" data-end=\"4094\">\ud83d\udce9 Besoin d\u2019aide ?<\/h3><p class=\"\" data-start=\"4096\" data-end=\"4219\">Pour toute question concernant les retours et les remboursements, contactez-nous \u00e0 :<br data-start=\"4180\" data-end=\"4183\" \/><strong data-start=\"4183\" data-end=\"4219\"><a class=\"cursor-pointer\" rel=\"noopener\" data-start=\"4185\" data-end=\"4217\">eleonorelanglois.photo@gmail.com<\/a><\/strong><\/p>\t\t\t\t\t\t\t\t<\/div>\n\t\t\t\t<\/div>\n\t\t\t\t\t<\/div>\n\t\t\t\t<\/div>\n\t\t\t\t<\/div>\n\t\t","protected":false},"excerpt":{"rendered":"<p>Politique de retour \/ remboursement &lt;h2 data-start=\u00a0\u00bb185&Prime; data-end=\u00a0\u00bb203&Prime;&gt;Vue d&rsquo;ensemble&lt;\/h2&gt;&lt;p data-start=\u00a0\u00bb205&Prime; data-end=\u00a0\u00bb416&Prime;&gt;Notre politique de retour et de remboursement est valable pendant 30 jours. Si 30 jours se sont \u00e9coul\u00e9s depuis votre achat, nous ne pouvons malheureusement pas vous offrir un remboursement complet ou un \u00e9change.&lt;\/p&gt;&lt;p data-start=\u00a0\u00bb418&Prime; data-end=\u00a0\u00bb584&Prime;&gt;Pour pouvoir b\u00e9n\u00e9ficier d\u2019un retour, votre article doit \u00eatre inutilis\u00e9 [&hellip;]<\/p>\n","protected":false},"author":1,"featured_media":0,"parent":0,"menu_order":0,"comment_status":"closed","ping_status":"closed","template":"","meta":{"site-sidebar-layout":"no-sidebar","site-content-layout":"page-builder","ast-site-content-layout":"full-width-container","site-content-style":"default","site-sidebar-style":"default","ast-global-header-display":"","ast-banner-title-visibility":"","ast-main-header-display":"","ast-hfb-above-header-display":"","ast-hfb-below-header-display":"","ast-hfb-mobile-header-display":"","site-post-title":"disabled","ast-breadcrumbs-content":"","ast-featured-img":"disabled","footer-sml-layout":"","ast-disable-related-posts":"","theme-transparent-header-meta":"","adv-header-id-meta":"","stick-header-meta":"","header-above-stick-meta":"","header-main-stick-meta":"","header-below-stick-meta":"","astra-migrate-meta-layouts":"default","ast-page-background-enabled":"default","ast-page-background-meta":{"desktop":{"background-color":"var(--ast-global-color-4)","background-image":"","background-repeat":"repeat","background-position":"center center","background-size":"auto","background-attachment":"scroll","background-type":"","background-media":"","overlay-type":"","overlay-color":"","overlay-opacity":"","overlay-gradient":""},"tablet":{"background-color":"","background-image":"","background-repeat":"repeat","background-position":"center center","background-size":"auto","background-attachment":"scroll","background-type":"","background-media":"","overlay-type":"","overlay-color":"","overlay-opacity":"","overlay-gradient":""},"mobile":{"background-color":"","background-image":"","background-repeat":"repeat","background-position":"center center","background-size":"auto","background-attachment":"scroll","background-type":"","background-media":"","overlay-type":"","overlay-color":"","overlay-opacity":"","overlay-gradient":""}},"ast-content-background-meta":{"desktop":{"background-color":"var(--ast-global-color-5)","background-image":"","background-repeat":"repeat","background-position":"center center","background-size":"auto","background-attachment":"scroll","background-type":"","background-media":"","overlay-type":"","overlay-color":"","overlay-opacity":"","overlay-gradient":""},"tablet":{"background-color":"var(--ast-global-color-5)","background-image":"","background-repeat":"repeat","background-position":"center center","background-size":"auto","background-attachment":"scroll","background-type":"","background-media":"","overlay-type":"","overlay-color":"","overlay-opacity":"","overlay-gradient":""},"mobile":{"background-color":"var(--ast-global-color-5)","background-image":"","background-repeat":"repeat","background-position":"center center","background-size":"auto","background-attachment":"scroll","background-type":"","background-media":"","overlay-type":"","overlay-color":"","overlay-opacity":"","overlay-gradient":""}},"footnotes":""},"class_list":["post-5883","page","type-page","status-publish","hentry"],"yoast_head":"<!-- This site is optimized with the Yoast SEO plugin v27.4 - https:\/\/yoast.com\/product\/yoast-seo-wordpress\/ -->\n<title>Politique de retour \/ remboursement - El\u00e9onore Langlois photographe<\/title>\n<meta name=\"robots\" content=\"index, follow, max-snippet:-1, max-image-preview:large, max-video-preview:-1\" \/>\n<link rel=\"canonical\" href=\"https:\/\/eleonorelanglois.com\/index.php\/politique-de-retour-remboursement\/\" \/>\n<meta property=\"og:locale\" content=\"fr_FR\" \/>\n<meta property=\"og:type\" content=\"article\" \/>\n<meta property=\"og:title\" content=\"Politique de retour \/ remboursement - El\u00e9onore Langlois photographe\" \/>\n<meta property=\"og:description\" content=\"Politique de retour \/ remboursement &lt;h2 data-start=&quot;185&quot; data-end=&quot;203&quot;&gt;Vue d&#039;ensemble&lt;\/h2&gt;&lt;p data-start=&quot;205&quot; data-end=&quot;416&quot;&gt;Notre politique de retour et de remboursement est valable pendant 30 jours. Si 30 jours se sont \u00e9coul\u00e9s depuis votre achat, nous ne pouvons malheureusement pas vous offrir un remboursement complet ou un \u00e9change.&lt;\/p&gt;&lt;p data-start=&quot;418&quot; data-end=&quot;584&quot;&gt;Pour pouvoir b\u00e9n\u00e9ficier d\u2019un retour, votre article doit \u00eatre inutilis\u00e9 [&hellip;]\" \/>\n<meta property=\"og:url\" content=\"https:\/\/eleonorelanglois.com\/index.php\/politique-de-retour-remboursement\/\" \/>\n<meta property=\"og:site_name\" content=\"El\u00e9onore Langlois photographe\" \/>\n<meta property=\"article:modified_time\" content=\"2025-04-25T04:52:33+00:00\" \/>\n<meta name=\"twitter:card\" content=\"summary_large_image\" \/>\n<meta name=\"twitter:label1\" content=\"Dur\u00e9e de lecture estim\u00e9e\" \/>\n\t<meta name=\"twitter:data1\" content=\"4 minutes\" \/>\n<script type=\"application\/ld+json\" class=\"yoast-schema-graph\">{\"@context\":\"https:\\\/\\\/schema.org\",\"@graph\":[{\"@type\":\"WebPage\",\"@id\":\"https:\\\/\\\/eleonorelanglois.com\\\/index.php\\\/politique-de-retour-remboursement\\\/\",\"url\":\"https:\\\/\\\/eleonorelanglois.com\\\/index.php\\\/politique-de-retour-remboursement\\\/\",\"name\":\"Politique de retour \\\/ remboursement - El\u00e9onore Langlois photographe\",\"isPartOf\":{\"@id\":\"https:\\\/\\\/eleonorelanglois.com\\\/index.php\\\/en\\\/home\\\/#website\"},\"datePublished\":\"2025-04-25T04:43:20+00:00\",\"dateModified\":\"2025-04-25T04:52:33+00:00\",\"breadcrumb\":{\"@id\":\"https:\\\/\\\/eleonorelanglois.com\\\/index.php\\\/politique-de-retour-remboursement\\\/#breadcrumb\"},\"inLanguage\":\"fr-FR\",\"potentialAction\":[{\"@type\":\"ReadAction\",\"target\":[\"https:\\\/\\\/eleonorelanglois.com\\\/index.php\\\/politique-de-retour-remboursement\\\/\"]}]},{\"@type\":\"BreadcrumbList\",\"@id\":\"https:\\\/\\\/eleonorelanglois.com\\\/index.php\\\/politique-de-retour-remboursement\\\/#breadcrumb\",\"itemListElement\":[{\"@type\":\"ListItem\",\"position\":1,\"name\":\"Accueil\",\"item\":\"https:\\\/\\\/eleonorelanglois.com\\\/\"},{\"@type\":\"ListItem\",\"position\":2,\"name\":\"Politique de retour \\\/ remboursement\"}]},{\"@type\":\"WebSite\",\"@id\":\"https:\\\/\\\/eleonorelanglois.com\\\/index.php\\\/en\\\/home\\\/#website\",\"url\":\"https:\\\/\\\/eleonorelanglois.com\\\/index.php\\\/en\\\/home\\\/\",\"name\":\"El\u00e9onore Langlois photographe\",\"description\":\"Photographe Suisse\",\"publisher\":{\"@id\":\"https:\\\/\\\/eleonorelanglois.com\\\/index.php\\\/en\\\/home\\\/#organization\"},\"potentialAction\":[{\"@type\":\"SearchAction\",\"target\":{\"@type\":\"EntryPoint\",\"urlTemplate\":\"https:\\\/\\\/eleonorelanglois.com\\\/index.php\\\/en\\\/home\\\/?s={search_term_string}\"},\"query-input\":{\"@type\":\"PropertyValueSpecification\",\"valueRequired\":true,\"valueName\":\"search_term_string\"}}],\"inLanguage\":\"fr-FR\"},{\"@type\":\"Organization\",\"@id\":\"https:\\\/\\\/eleonorelanglois.com\\\/index.php\\\/en\\\/home\\\/#organization\",\"name\":\"El\u00e9onore Langlois photographe\",\"url\":\"https:\\\/\\\/eleonorelanglois.com\\\/index.php\\\/en\\\/home\\\/\",\"logo\":{\"@type\":\"ImageObject\",\"inLanguage\":\"fr-FR\",\"@id\":\"https:\\\/\\\/eleonorelanglois.com\\\/index.php\\\/en\\\/home\\\/#\\\/schema\\\/logo\\\/image\\\/\",\"url\":\"https:\\\/\\\/eleonorelanglois.com\\\/wp-content\\\/uploads\\\/2025\\\/04\\\/Logo-secondaire-Orange-scaled.png\",\"contentUrl\":\"https:\\\/\\\/eleonorelanglois.com\\\/wp-content\\\/uploads\\\/2025\\\/04\\\/Logo-secondaire-Orange-scaled.png\",\"width\":2560,\"height\":2140,\"caption\":\"El\u00e9onore Langlois photographe\"},\"image\":{\"@id\":\"https:\\\/\\\/eleonorelanglois.com\\\/index.php\\\/en\\\/home\\\/#\\\/schema\\\/logo\\\/image\\\/\"}}]}<\/script>\n<!-- \/ Yoast SEO plugin. -->","yoast_head_json":{"title":"Politique de retour \/ remboursement - El\u00e9onore Langlois photographe","robots":{"index":"index","follow":"follow","max-snippet":"max-snippet:-1","max-image-preview":"max-image-preview:large","max-video-preview":"max-video-preview:-1"},"canonical":"https:\/\/eleonorelanglois.com\/index.php\/politique-de-retour-remboursement\/","og_locale":"fr_FR","og_type":"article","og_title":"Politique de retour \/ remboursement - El\u00e9onore Langlois photographe","og_description":"Politique de retour \/ remboursement &lt;h2 data-start=\"185\" data-end=\"203\"&gt;Vue d'ensemble&lt;\/h2&gt;&lt;p data-start=\"205\" data-end=\"416\"&gt;Notre politique de retour et de remboursement est valable pendant 30 jours. Si 30 jours se sont \u00e9coul\u00e9s depuis votre achat, nous ne pouvons malheureusement pas vous offrir un remboursement complet ou un \u00e9change.&lt;\/p&gt;&lt;p data-start=\"418\" data-end=\"584\"&gt;Pour pouvoir b\u00e9n\u00e9ficier d\u2019un retour, votre article doit \u00eatre inutilis\u00e9 [&hellip;]","og_url":"https:\/\/eleonorelanglois.com\/index.php\/politique-de-retour-remboursement\/","og_site_name":"El\u00e9onore Langlois photographe","article_modified_time":"2025-04-25T04:52:33+00:00","twitter_card":"summary_large_image","twitter_misc":{"Dur\u00e9e de lecture estim\u00e9e":"4 minutes"},"schema":{"@context":"https:\/\/schema.org","@graph":[{"@type":"WebPage","@id":"https:\/\/eleonorelanglois.com\/index.php\/politique-de-retour-remboursement\/","url":"https:\/\/eleonorelanglois.com\/index.php\/politique-de-retour-remboursement\/","name":"Politique de retour \/ remboursement - El\u00e9onore Langlois photographe","isPartOf":{"@id":"https:\/\/eleonorelanglois.com\/index.php\/en\/home\/#website"},"datePublished":"2025-04-25T04:43:20+00:00","dateModified":"2025-04-25T04:52:33+00:00","breadcrumb":{"@id":"https:\/\/eleonorelanglois.com\/index.php\/politique-de-retour-remboursement\/#breadcrumb"},"inLanguage":"fr-FR","potentialAction":[{"@type":"ReadAction","target":["https:\/\/eleonorelanglois.com\/index.php\/politique-de-retour-remboursement\/"]}]},{"@type":"BreadcrumbList","@id":"https:\/\/eleonorelanglois.com\/index.php\/politique-de-retour-remboursement\/#breadcrumb","itemListElement":[{"@type":"ListItem","position":1,"name":"Accueil","item":"https:\/\/eleonorelanglois.com\/"},{"@type":"ListItem","position":2,"name":"Politique de retour \/ remboursement"}]},{"@type":"WebSite","@id":"https:\/\/eleonorelanglois.com\/index.php\/en\/home\/#website","url":"https:\/\/eleonorelanglois.com\/index.php\/en\/home\/","name":"El\u00e9onore Langlois photographe","description":"Photographe Suisse","publisher":{"@id":"https:\/\/eleonorelanglois.com\/index.php\/en\/home\/#organization"},"potentialAction":[{"@type":"SearchAction","target":{"@type":"EntryPoint","urlTemplate":"https:\/\/eleonorelanglois.com\/index.php\/en\/home\/?s={search_term_string}"},"query-input":{"@type":"PropertyValueSpecification","valueRequired":true,"valueName":"search_term_string"}}],"inLanguage":"fr-FR"},{"@type":"Organization","@id":"https:\/\/eleonorelanglois.com\/index.php\/en\/home\/#organization","name":"El\u00e9onore Langlois photographe","url":"https:\/\/eleonorelanglois.com\/index.php\/en\/home\/","logo":{"@type":"ImageObject","inLanguage":"fr-FR","@id":"https:\/\/eleonorelanglois.com\/index.php\/en\/home\/#\/schema\/logo\/image\/","url":"https:\/\/eleonorelanglois.com\/wp-content\/uploads\/2025\/04\/Logo-secondaire-Orange-scaled.png","contentUrl":"https:\/\/eleonorelanglois.com\/wp-content\/uploads\/2025\/04\/Logo-secondaire-Orange-scaled.png","width":2560,"height":2140,"caption":"El\u00e9onore Langlois photographe"},"image":{"@id":"https:\/\/eleonorelanglois.com\/index.php\/en\/home\/#\/schema\/logo\/image\/"}}]}},"jetpack_sharing_enabled":true,"_links":{"self":[{"href":"https:\/\/eleonorelanglois.com\/index.php\/wp-json\/wp\/v2\/pages\/5883","targetHints":{"allow":["GET"]}}],"collection":[{"href":"https:\/\/eleonorelanglois.com\/index.php\/wp-json\/wp\/v2\/pages"}],"about":[{"href":"https:\/\/eleonorelanglois.com\/index.php\/wp-json\/wp\/v2\/types\/page"}],"author":[{"embeddable":true,"href":"https:\/\/eleonorelanglois.com\/index.php\/wp-json\/wp\/v2\/users\/1"}],"replies":[{"embeddable":true,"href":"https:\/\/eleonorelanglois.com\/index.php\/wp-json\/wp\/v2\/comments?post=5883"}],"version-history":[{"count":0,"href":"https:\/\/eleonorelanglois.com\/index.php\/wp-json\/wp\/v2\/pages\/5883\/revisions"}],"wp:attachment":[{"href":"https:\/\/eleonorelanglois.com\/index.php\/wp-json\/wp\/v2\/media?parent=5883"}],"curies":[{"name":"wp","href":"https:\/\/api.w.org\/{rel}","templated":true}]}}